- 2*l**3/3 + 2*l**2. Let b = 26 - 16. Suppose -3 = 9*q - b*q. What is w(q)?
2
Let b(y) be the first derivative of y**2/2 - 4*y + 1. Let n be -2 + 5 - (4 - 2). Let p be (0/(-1))/(n + -2). What is b(p)?
-4
Let z = -7 - -12. Suppose -3*m - 2*m = z. Let f(t) be the third derivative of t**4/8 - t**3/6 + t**2. Give f(m).
-4
Let t(u) be the third derivative of u**4/6 - u**3/2 + 23*u**2. Determine t(3).
9
Suppose 32 = 5*j - u + 3, 3*u = -j - 7. Suppose 5*g + 4 = j*o + 39, 8 = 4*g + o. Let i(h) = 6*h**2 - 6 + h**g - 4*h**3 + 5*h + 4*h**3. Determine i(-5).
-6
Let x(o) be the third derivative of o**6/120 - o**5/20 - 5*o**4/24 - o**3/3 - 17*o**2. Calculate x(4).
-6
Suppose 0 = 2*s + u - 5, 0 = 3*s - 2*u - 4. Let x(t) = -s*t**3 + 5 - 4*t**2 + t**3 + t + 0*t + 2*t. What is x(-4)?
-7
Let b(n) = n - 2. Suppose i + 5 = 3*i - 5*s, -3*i = -5*s - 5. Suppose i*u = -5*u + 20. Give b(u).
2
Let f(u) = 3*u - 1. Let z(l) = -16*l + 4. Let p = 4 + -1. Suppose -p = -3*a + 3. Let r(w) = a*z(w) + 11*f(w). Calculate r(4).
1
Suppose -2*s - 10 = -4*i, 3*s + 13 = 5*i - 0. Let a(x) = x**3 + 5*x**2 - x. Let y be a(-5). Let z(q) = -3 + y - q + 2*q. Determine z(i).
4
Let b(r) = r**3 + 4*r**2 + 2*r + 1. Let x(q) = q**3 + 3*q**2 + q + 1. Let o(g) = -4*b(g) + 3*x(g). Calculate o(-6).
-7
Let t be 5/20*(7 + 1). Let z(u) = 4*u - t*u**2 + u**2 - 2 + 3 - 4. Determine z(3).
0
Let g be (-2)/(-3)*(-9)/(-2). Suppose q + 6 = g*q. Suppose -5*y = -2 - q. Let a(x) = -6*x - 1. Determine a(y).
-7
Let k = -9 + 11. Let w(b) = -b**2 - k - b + b**2 + b**2 + 0. What is w(2)?
0
Let p(n) be the first derivative of n**2/2 + 4*n + 2. Let y be 2*(-1 - (-6)/(-4)). Give p(y).
-1
Let c(p) be the first derivative of -p**2 - 3*p + 25. Give c(-3).
3
Let q(s) be the first derivative of -s**6/180 + s**5/120 - s**4/12 + 3*s**3 - 5. Let m(w) be the third derivative of q(w). Determine m(2).
-8
Let n(c) = c**3 + 7. Let v be ((-6)/(-4))/(21/(-56)). Let w be 2/(-4)*(-6 + v). Let t = w - 5. Give n(t).
7
Suppose 4*h + h = 20. Let z(c) be the first derivative of -3/2*c**2 + 0*c - 2 - c**3 + 1/4*c**h. Give z(4).
4
Suppose -2*d = -5*d + 15. Suppose f = 2*s + 16, -2*s - 32 = -d*f - 0*f. Let h = 5 + s. Let x(r) = 5*r**2 - r - 1. What is x(h)?
5
Let o(m) = -7*m + 17. Let b(l) = 3*l - 8. Let s(k) = 5*b(k) + 2*o(k). What is s(7)?
1
Let d(q) be the second derivative of -q**5/20 + q**4/12 + q**3/6 + 9*q**2/2 - 8*q. Determine d(0).
9
Suppose -13 = 3*m + 3*u + 11, -25 = 5*u. Let d(s) = s**2 + s + 1. Determine d(m).
7
Let p = -70 + 74. Let y(m) = -m**3 + 4*m**2 + 6*m - 6. Calculate y(p).
18
Let r(j) = -4*j**3 + 22*j**2 - 28*j + 31. Let v(n) = n**3 - 7*n**2 + 9*n - 10. Let y(s) = 2*r(s) + 7*v(s). Determine y(-6).
-14
Suppose -2*l + 99 = l. Suppose p - l = -0*p. Suppose n - p = 5*u - 13, -25 = 5*u. Let q(s) = s**3 + 4*s**2 - 7*s + 1. Determine q(n).
11
Let v(q) = -q**2 + q - 1. Let x(t) = 3*t**2 + 4. Let r(b) = 4*v(b) + x(b). What is r(5)?
-5
Let u(m) = -12 + 5*m - 2*m - 4*m + 10. Let f be -5 + (0 - 1 - -1). Calculate u(f).
3
Suppose 3*k - 4*i = 10, -9*k + 14 = -10*k - 3*i. Let d(w) = -3*w**2 - 2*w - 2. Calculate d(k).
-10
Let t(c) be the second derivative of c**3/6 + c**2/2 - 36*c. Determine t(-8).
-7
Let r(b) be the third derivative of -1/12*b**4 + 0 - 1/60*b**5 - 3*b**2 + 1/3*b**3 + 0*b. What is r(-2)?
2
Let j(f) = -4*f. Let x be j(1). Let i(v) be the second derivative of -v**3/6 - 5*v**2/2 + 39*v. Calculate i(x).
-1
Let d be (-78)/(-65)*(-5)/(-2). Let w(h) = 5*h - d*h - 4*h + h + 4. What is w(3)?
1
Let m(d) = -31*d - 33*d + 12 + 61*d. Determine m(8).
-12
Let c(w) = -2*w - 3. Let l(a) = -3*a + 3. Let o be l(-3). Suppose 0 = 3*u - 15 - o. Suppose 4*f + u = -7. Determine c(f).
5
Let y(k) = -k - 5. Suppose -a - 9 = -x, -2*a + 5*a = -12. Suppose 30 = -4*h + h + 3*c, -c = -x. Determine y(h).
0
Let j(i) = 2*i - 1. Let t be j(-1). Let s(g) = g**3 + 4*g**2 - 2*g - 3. What is s(t)?
12
Let s(w) = 9*w**3 - 2*w - 1. Let i(v) = 7*v**3 + 2*v - 1. Let t be i(1). Let g = t - 9. What is s(g)?
-8
Let m = -99 + 90. Let o(u) = -2*u - 9. Determine o(m).
9
Let z(v) be the third derivative of v**8/20160 + v**7/1260 - v**6/720 + v**5/15 + 6*v**2. Let g(b) be the third derivative of z(b). Give g(-5).
4
Let l(n) = n**3 + 5*n**2 + 4*n + 5. Let o(t) = -t**3 - t**2 - 8. Let z be o(0). Let k be ((-3)/2)/((-3)/z). What is l(k)?
5
Let w(p) = -4*p + 2. Let m(q) = q + 5. Let v be m(-2). Calculate w(v).
-10
Let i(l) be the second derivative of -l**4/12 + 3*l**3/2 + 19*l. Give i(8).
8
Let f(t) = t**2 - 5 + 5*t + 3 + 1 - 2. Let w be -1*(-1 + 0 + -1). Suppose -w*d = 2*d + 16. What is f(d)?
-7
Let l be 6 - ((1 - 1) + 1). Let k(g) = 1 + 0*g - g**2 + 3*g - l*g. Let c = 6 - 5. Determine k(c).
-2
Let b(c) = c**3 + 8*c**2 + 7*c. Let a be b(-7). Suppose a*s - 10 = 2*s, -8 = j + 2*s. Let o(q) = q**3 + q - 1. Determine o(j).
9
Let z(s) be the third derivative of -1/24*s**6 + 0*s - s**2 - 1/6*s**3 + 1/60*s**5 + 0*s**4 + 0. Give z(1).
-5
Suppose 0 = -11*a + 14*a - 54. Suppose 2*c - 2*l + a = -c, -l = -3*c - 18. Let y(p) = -p - 5. What is y(c)?
1
Suppose -3*x = 3*n - n, -5*x + n = -13. Let a(u) be the third derivative of -u**x - u**3 + 0 + 0*u + 1/8*u**4. What is a(4)?
6
Let c(f) be the first derivative of f**4/2 - 2*f**3/3 - 2*f + 21. Suppose -2 = -3*p - w - 0, 0 = 2*w + 2. Let k be (1 - -1) + (1 - p). What is c(k)?
6
Let h(q) = -2*q**3 - 2*q**2 - 3*q + 8. Let w(g) = -3*g**3 - 3*g**2 - 4*g + 9. Let v = 0 - -3. Let n(o) = v*w(o) - 4*h(o). What is n(0)?
-5
Let q(y) = y**3 + 7*y**2 + 7*y + 3. Let j be q(-6). Let w(h) = -10*h. Determine w(j).
30
Let j(r) = r + 4. Let o be j(-4). Suppose o*z - z = -2. Let m(p) = p**3 - 2*p + 1. Give m(z).
5
Let p = 6 - 1. Let y(s) = s**3 - 6*s**2 + 3*s + 7. What is y(p)?
-3
Let v(k) = k**2 - 3*k + 4. Let u(z) = z**2 - 4*z + 4. Let r(b) = -4*u(b) + 3*v(b). Give r(6).
2
Let k(i) = i - 3. Suppose 2*q + 4*u - 20 = 0, -20 - 4 = -3*q - 3*u. Calculate k(q).
3
Let l(s) = s**3 + 3*s**2 + 3. Let j be l(-3). Let d(o) = o + 7. Let u(f) = -f - 8. Let w(g) = -4*d(g) - 3*u(g). What is w(j)?
-7
Let w(i) be the second derivative of i**4/2 - i**2/2 + 16*i. Calculate w(-1).
5
Let z(o) = -o**3 + 6*o**2 - 5*o - 7. Let b = 8 + -15. Let i = b + 12. Give z(i).
-7
Let g(d) = d - 1. Let i(j) = -5*j + 1. Let h(p) = 2*g(p) + i(p). Calculate h(-1).
2
Let c(g) be the second derivative of -g**3/6 - g**2 + 2*g. Suppose 3*y + 15 = -2*d - 4, 0 = 2*d + 10. Let v be c(y). Let q(p) = -8*p + 1. Give q(v).
-7
Suppose 8*j - 4*j = 20. Suppose 3*z - 6 = 5*x, -5*x - 8 = -2*z - 2*z. Suppose x = -j*l + 1 + 14. Let v(t) = -t**2 + t - 3. Give v(l).
-9
Suppose 7*n = k + 4*n + 8, k + 12 = 4*n. Let v(q) = 2*q - 4. What is v(k)?
4
Let t(m) = 14*m**2 - m + 1. Let u = -10 - -11. Calculate t(u).
14
Let y be 0/3*(-1)/1. Let p(g) be the second derivative of -1/6*g**4 - g**2 + 2*g + 1/6*g**3 + y. Determine p(2).
-8
Let o(d) = 5*d + 1. Let z be (20/(-50))/((-1)/15). Let r be 1/3 - z/(-9). Give o(r).
6
Suppose 4*t = -3 - 1. Let g = 3 + t. Let u(k) = 26 - 26 + g*k. Calculate u(2).
4
Let a(u) = -u**2 + 0 + 3*u**3 - 3 - u - 2*u**3. Suppose -6*w = -7*w + 4*w. Determine a(w).
-3
Let c be (1/(-4))/((-2)/8). Let o(y) = -4. Let i(x) = -x. Let p(u) = c*i(u) + o(u). What is p(-2)?
-2
Suppose -w = 2 - 8. Let k(m) = m**2 - 6*m + 10 - 9 - m. What is k(w)?
-5
Let u(a) = a + 1. Let x = 44 - 49. Calculate u(x).
-4
Suppose 3*y = -0*y + 2*b + 14, 5*y + 3*b = -2. Let n(r) = r - 1 + 1. Let a(d) = 4*d + 4. Let o(u) = a(u) - 5*n(u). Determine o(y).
2
Let a(m) = -5 + 12*m**2 - m - m**3 - 21*m**2 + 10*m**2. Determine a(0).
-5
Let c be 22/5 - (-26)/(-65). Let w(p) = p**2 - 6*p + 4. Determine w(c).
-4
Let n(h) be the second derivative of -h**4/12 - h**3/3 + h. Determine n(-3).
-3
Let v be (-1)/(-3) - 4/(-6). Let u be v*1*(-3 + 2). Let f(o) = o**2 - o - 1 - o**2 - 8*o**3. Calculate f(u).
8
Let a(d) = -d**3 - d**2 - d. Let r(b) = 4*b**3 + 4*b - 3. Let h(w) = -3*a(w) - r(w). What is h(4)?
-17
Let f be ((-7)/(-2) + -3)*-2. Suppose 0 = -5*u - 9 - 1. Let c = u + f. Let p(b) = 2*b**2 + 5*b + 2. Determine p(c).
5
Let z = -15 + 15. Suppose z = s + 4*s + n - 28, -s + 3*n = 4. Let y(l) = l**2 - 5*l + 6. Give y(s).
6
Let a(t) = -3*t**2 - 8*t - 14. Let c(k) = 4*k**2 + 12*k + 21. Let u(f) = 7*a(f) + 5*c(f). Let r = 5 - 0. Calculate u(r).
2
Suppose 